3). Suppose -104 = -l*w + 73. What are the prime factors of w?
59
Let t(y) be the third derivative of -y**5/60 - y**4/2 + y**3/6 + y**2. Suppose 0 = -l + 5, 6*l - 50 = 5*k + 5*l. What are the prime factors of t(k)?
2, 7
Let j(f) = f**3 + 23*f**2 - 12*f + 18. List the prime factors of j(9).
2, 3, 139
Suppose -2 = -4*g - 2*u, -u = -4*g - 5*u. Suppose 8*k - g = 95. What are the prime factors of k?
2, 3
Suppose u + 0 = 71. Let v = u + -28. What are the prime factors of v?
43
Suppose 0 = 3*f, -q - f - 4 = -2. Let d be (q/4)/(4/(-48)). List the prime factors of (40/d)/(3/9).
2, 5
Suppose -x - 3*i = 4*x + 103, -5*x = 5*i + 105. Let r = x - -244. List the prime factors of r.
2, 7
Suppose -3*n + 3*o + 881 = 344, 3*n = o + 533. What are the prime factors of n?
3, 59
Let p = 222 - 72. List the prime factors of p.
2, 3, 5
Let l be (0/(-2))/(-10 + 9). Suppose 3*o + l*f + f - 37 = 0, 0 = 5*o + 4*f - 64. What are the prime factors of o?
2, 3
What are the prime factors of 30/(-6) + 2 - (-226)/1?
223
Let q(d) = 2*d + 4. Let h be q(0). Suppose -12 - 12 = -h*n. What are the prime factors of (n - 0)*16/32?
3
Let f = 36 - 12. Suppose -f*c + 21*c + 672 = 0. What are the prime factors of c?
2, 7
Let f be -31 - (-4 - 0) - -2. Let o be (11/(-3))/(1/3). Let z = o - f. List the prime factors of z.
2, 7
Let k(z) = -574*z + 6. List the prime factors of k(-1).
2, 5, 29
Suppose 9*d - 591 = 930. Let v = 332 - d. List the prime factors of v.
163
Let i(c) = c**2 - 3*c + 30. What are the prime factors of i(0)?
2, 3, 5
Suppose 0 = n - 2*a + 5*a + 2, -3*n - 2*a = -29. Suppose -n*p = -9*p - 360. List the prime factors of p.
2, 3, 5
List the prime factors of 57772/(-11)*1*(-2)/4.
2, 13, 101
Let a = 22 - -249. List the prime factors of a.
271
Let t be 25844/112 - 1*(-2)/8. Let s(b) = -55*b + 3. Let r be s(-4). Suppose -5*o + 0*k + t = -k, 5*o = 3*k + r. What are the prime factors of o?
47
Suppose -1045 = -3*w - 5*b - 37, -1361 = -4*w - b. What are the prime factors of w?
11, 31
Let y(s) = 4*s + 29. Let j be y(-11). Let b = j + 38. What are the prime factors of b?
23
Suppose 6*j - 21 + 9 = 0. Suppose -b - j*b = -783. List the prime factors of b.
3, 29
Let a(d) = 33*d - 140. List the prime factors of a(21).
7, 79
Suppose -15*l + 7591 = -3164. List the prime factors of l.
3, 239
Let n = -217 - 98. Let f = 475 + n. List the prime factors of f.
2, 5
Let m(j) = 5*j**2 - 29*j + 22. List the prime factors of m(-13).
2, 311
Suppose 3*j = -5*o + 237, -79 = 2*j - 3*j - 3*o. Let l = 111 - j. List the prime factors of l.
2
Suppose -2*h - 3*h = 3*x - 9, 0 = 5*x + 2*h - 15. Suppose 128 = -x*p - 130. Let u = p + 132. What are the prime factors of u?
2, 23
Let k be 13 + 8/4 - -1. Suppose 0*i + 4*i - k = 0. Suppose i*p + 2*s = 194, -p + 141 = 2*p + 3*s. What are the prime factors of p?
2, 5
Suppose -2*m = -4*c + 3598, -2*c = -2*m - m - 1797. List the prime factors of c.
2, 3, 5
Let h = -12 + 24. What are the prime factors of (-10)/(((-1)/(-5))/(h/(-15)))?
2, 5
Let f(j) = -j**2 - 48*j - 48. List the prime factors of f(-32).
2, 29
Let p be (-1 + 0)/(-1*2/172). What are the prime factors of p/4*((-33)/(-3) - -3)?
7, 43
List the prime factors of 4/16*(5 - -1391).
349
Suppose 2*h = -2*y - h + 34, y + h - 17 = 0. Let l(v) = -v**2 + 21*v - 23. What are the prime factors of l(y)?
3, 5
Suppose -3*a + 4*w + 1088 = -2947, a - 1361 = -4*w. List the prime factors of a.
19, 71
Let z be 56/(-1 + -3) - -2. Let c = z - -12. Suppose c = 3*r + p - 69, 2*r - 3*p - 18 = 17. What are the prime factors of r?
2, 11
Let q = -702 - -1325. List the prime factors of q.
7, 89
Let t(h) = h**2 - 2. Let s be t(-2). Suppose s*w + 33 - 9 = -3*v, -5*v = -5*w + 15. List the prime factors of 4/v*3*-19.
2, 19
Suppose 11*r - 432 = 9*r. What are the prime factors of r?
2, 3
Let n = -58 - -274. Suppose 2*z = -z + n. Suppose 0 = 9*y - 13*y + z. List the prime factors of y.
2, 3
Let z = -72 - -74. Suppose -292 = -w + d, -7*d = 2*w - z*d - 577. What are the prime factors of w?
3, 97
Suppose 3*p - 11 = -4*v, 3*p + 18 = 2*v - 1. Suppose 2*u + 5*t - 9 = 0, -v*t = -11 - 4. List the prime factors of 6/u + -1 - -13.
2, 5
Suppose 0*z = 5*u + z - 57, -z + 24 = 2*u. Let i(p) = p**3 - 11*p**2 + 2*p + 2. Let v be i(u). List the prime factors of 256/v - (-2)/(-3).
2, 5
Let g(z) = 17*z + 2. Let n(s) = 3*s**2 + 5*s. Let l be n(-2). What are the prime factors of g(l)?
2, 3
Let v be ((-9)/(-3))/(9/15). List the prime factors of (-2 + 37)/v + -4.
3
Suppose -1760 = -4*y - 4*j, 13*y - 1764 = 9*y - 3*j. What are the prime factors of y?
2, 3, 37
Suppose -m + 417 = -233. Let p = -459 + m. What are the prime factors of p?
191
Let r = -2 + 8. Suppose -r - 54 = 3*o. Let z = o + 26. List the prime factors of z.
2, 3
Let x = -55 - 9. Let k = 106 + x. Suppose 116 = 5*p - 4*s, p + 4*s - k + 14 = 0. List the prime factors of p.
2, 3
Let c(q) = 5*q**2 + 2*q - 7. Let f = -8 + 4. What are the prime factors of c(f)?
5, 13
Let z = -3 - 0. Let s = 16 + z. Let h(i) = 3*i - 11. List the prime factors of h(s).
2, 7
Suppose 0 = 2*w - 9*w + 28. List the prime factors of ((-215)/w)/(6 + (-100)/16).
5, 43
Let p(r) = 8*r**2 + 23*r + 10. List the prime factors of p(-9).
11, 41
Let o = -2198 - -1394. What are the prime factors of o/(-27) - 8/(-36)?
2, 3, 5
Let y(s) = -50 - 2*s + 2*s - 8*s + 12. What are the prime factors of y(-11)?
2, 5
Let x(i) = -i**3 + 14*i**2 - 11*i + 4. Let m be (60/9)/(2/3). Suppose m = 4*n - 42. What are the prime factors of x(n)?
2, 3, 5
Let x(n) = 10*n + 37. Let r(v) = -20*v - 75. Let g(h) = -2*r(h) - 5*x(h). What are the prime factors of g(-14)?
3, 5, 7
Suppose 4*p - 3602 = -b, -3*b = -2*b + 5*p - 3606. List the prime factors of b.
2, 11, 163
Let p = 7008 + -3955. What are the prime factors of p?
43, 71
Let f be (-9)/36 - 45/12. Let h be f - -3 - 71 - 1. Let r = h - -139. What are the prime factors of r?
2, 3, 11
What are the prime factors of ((-12)/(-10))/((-366)/(-888770))?
2, 31, 47
Let y(c) be the first derivative of 7*c**3/3 + 5*c**2/2 + 6*c - 18. List the prime factors of y(-4).
2, 7
Let g(w) = 121*w + 25. Let q be g(4). Suppose 0 = -3*j + 367 + q. What are the prime factors of j?
2, 73
Let h = 1689 - -2983. List the prime factors of h.
2, 73
Let c(w) = -19*w - 4. Let l be c(-2). Let p = l + 13. List the prime factors of p.
47
Let w(x) = 3 + 200*x - 185*x - 6. Let c be w(-4). Let j = c + 90. List the prime factors of j.
3
Suppose 11*r - 6080 = -107. List the prime factors of (-4)/(-8)*(r + -1).
271
Suppose 3*o = -0*o. Suppose -8*v - 70 + 270 = o. Suppose -5*u = -3*j - u + v, -3*u = -3*j + 24. What are the prime factors of j?
7
Let o = -50 + 840. List the prime factors of o.
2, 5, 79
Suppose 18*t - 9956 - 7126 = 0. List the prime factors of t.
13, 73
Suppose t + 1 - 4 = 0. Let k(x) = 5*x**2 + 3*x - 1. What are the prime factors of k(t)?
53
Let h(f) = f**3 - 5*f**2 + 2*f - 7. Let b be h(5). Suppose -7*p + 288 = -b*p. List the prime factors of p.
2, 3
Let p = -87 + 190. Suppose 0 = -2*r - p + 283. What are the prime factors of r?
2, 3, 5
Let d = -19 + 31. Let l = d - 7. Let z = l + 11. List the prime factors of z.
2
Let z be 110/20 + 1/(-2). Suppose y + 583 = z*r, 6*y - 6 = 3*y. Suppose 0*f + r = 3*f. What are the prime factors of f?
3, 13
Let f = 491 + -233. List the prime factors of f.
2, 3, 43
Let a = -18 + 23. Suppose 3*u - 52 = -4*j - j, 0 = -a*u + 4*j + 99. Suppose u - 135 = -4*m. List the prime factors of m.
29
Suppose 3*y - 3634 = -4*j, 40*j - 36*j = 5*y - 6110. List the prime factors of y.
2, 3, 7, 29
List the prime factors of (-924)/(-198)*(2 - -472).
2, 7, 79
Let u(j) = j**3 + 14*j**2 + 5*j + 12. Let y be u(-11). Suppose 2*k = 10*k - y. List the prime factors of k.
2, 5
Suppose -d + 426 = -175. What are the prime factors of d?
601
Suppose 0*d - 2*p = -3*d + 298, 4*p = 4*d - 400. List the prime factors of d.
2, 7
Let h(k) = -k**2 + 6*k - 5. Let t be h(5). Suppose 6*l + 6 - 546 = t. List the prime factors of (16/10)/(4/l).
2, 3
Let j = 350 - 283. List the prime factors of j.
67
Suppose -i + 6*i + 5301 = -m, -5*i - 4*m - 5304 = 0. List the prime factors of i/(-5) + -3 + (0 - -1).
2, 3, 5, 7
Let r(z) be the second derivative of z**3/6 + 11*z**2/2 + 10*z. Let u be r(-5). What are the prime factors of (21/u)/((-3)/(-30))?
5, 7
Suppose -10*f + 7*f = 